pose -14*m - 360 = 31*m. Give f(m).
-9
Let w(v) be the first derivative of 1/2*v**2 + 5 - 6*v. What is w(6)?
0
Suppose -5*y = -2*y. Let z(w) be the third derivative of w**6/120 + w**5/60 - w**4/24 + 5*w**3/6 + 21*w**2. Determine z(y).
5
Let z(y) = y**3 + 2. Suppose 2*r + 0*r + 4*b = -16, -16 = 4*b. Let s be z(r). Let a(i) be the first derivative of -i**4/4 + i**3/3 + i**2/2 - 41. Give a(s).
-2
Suppose d - 3*y - 11 = -3, -2*d + 12 = -5*y. Let n(q) = -6 + q**2 + 0*q - 2*q - q**3 - 6*q**2. What is n(d)?
-14
Let k(b) = b**3 + 7*b**2 + 3*b + 9. Suppose -3 = o + w - 4*w, -5*w = -o - 9. Suppose -5*l = 4*y + 27, -5*l + o*l = -4*y + 1. Calculate k(l).
-12
Let s(z) be the third derivative of z**5/60 + 13*z**4/24 - z**3/6 - 308*z**2. Give s(-6).
-43
Suppose -4*a - 94 = -122. Let o(z) = -z**3 + 9*z**2 - 13*z. Give o(a).
7
Let l(v) = v**3 + 4*v**2 + 2*v - 1. Let u be l(-2). Let q(o) = 10*o + 7 + 0*o**3 + 2*o**3 - u*o**3 - 9*o. What is q(0)?
7
Let w be (0 - -3) + -2 + -7. Let g(n) = -n**3 - 7*n**2 - 5*n + 6. Let m be g(w). Let a = m - 0. Let p(y) = -y**3 - y**2 + 12. Calculate p(a).
12
Let c(j) = j**2 + 7*j + 5. Let w = 4 + -4. Let m be w + (-24)/3 + 4. Give c(m).
-7
Suppose -3*p - 2*p = -10. Suppose 2*a = -4*j + 18, j + p*a - 22 = -2*a. Let n(v) = -3*v**2 + 2*v - 1. Give n(j).
-9
Let x(s) = -s - 20 + 17 - 2. What is x(-3)?
-2
Let g(q) = -2*q**3 + q**2 + 2*q - 8. Let u(h) = 3*h**3 + 5 + 2*h - 6*h + 2 - h**2 + h. Let k(j) = 4*g(j) + 3*u(j). Calculate k(0).
-11
Let j(v) = -v**2 - 9*v - 9. Let r = 6 + 4. Suppose 42 = 4*h - r*h. Give j(h).
5
Let i(s) = 31*s**2 + 4*s + 7. Let k(w) = 13*w**2 + 2*w + 3. Let b(p) = 6*i(p) - 14*k(p). Give b(-3).
48
Let x be 3/((-9)/(-21) - 0). Let l(u) = 0 - 1 - 6*u + x*u - 2*u. Let q be l(-3). Let p(o) = -2*o. Calculate p(q).
-4
Let a(b) = 8*b + 9. Suppose -13*i = 6*n - 18*i + 18, 3*n + 9 = 5*i. Give a(n).
-15
Let l be (2 + (-12)/(-30))*10/6. Let o(r) be the third derivative of r**2 - 1/3*r**3 + 0 + 0*r - 1/12*r**l. What is o(-3)?
4
Let l(w) = -w**3 - w**2 - 12. Let u(d) = 2*d - 16. Let b be u(11). Suppose 3*h - i - 45 = 2*i, 3*i = -b. Let y = -13 + h. Determine l(y).
-12
Let t(k) = -k. Let u(i) = 6*i - 7. Let h(f) = 5*t(f) + u(f). Let z(x) = 4*x - 16. Let j be z(4). Let a be j/2 - (-10 - -10). Give h(a).
-7
Let h(p) = -5 - 5*p + 5*p + 10*p - 6*p - 5*p. Determine h(3).
-8
Let x(w) = 2*w + 4. Let j be (-1)/7 + (-1)/(-7) + -5. Give x(j).
-6
Let c(q) = -q**3 - 4*q. Let a(p) = 2*p**3 - p**2 + 8*p - 1. Let y(t) = 6*a(t) + 11*c(t). Give y(6).
18
Let d(q) = -5*q - 9 + 5*q**2 + q**3 + 10 - 8 + 3. Determine d(-5).
21
Let t(a) be the second derivative of -a**5/20 - a**4/2 + 5*a**3/6 - 15*a**2/2 - 38*a + 4. Calculate t(-7).
-1
Let u be 13 + -4*(-3)/6. Let t = -7 + u. Let y(h) = -8*h - 2 - 4 + t + 2*h. Give y(2).
-10
Let p(w) be the first derivative of w**4/4 + w**3/3 + w**2 - 2*w + 2. Let a be 6/15 - (51/15 - 5). Calculate p(a).
14
Let d(j) = -6*j + 20. Let g(w) = 2*w - 7. Let q(t) = 6*d(t) + 17*g(t). Let x = 4518 - 4523. Determine q(x).
11
Let t(y) be the third derivative of y**5/60 - 5*y**4/12 + y**3/6 - 55*y**2. Determine t(8).
-15
Let f(l) = 2*l**3 - 3*l**3 + 3*l + 8*l**2 + 22914 - 22902 + 4*l. Determine f(9).
-6
Let q be (-1*4 + 2 + -5)*2. Let a = q + 7. Let o(i) = i + 8. What is o(a)?
1
Let y(a) = a**2 + 2*a - 7. Let s be 120/45 + (-3)/27*-3. Calculate y(s).
8
Let a be (-6)/(-9) - 14/(-6). Let k(f) = 306*f + 2 - 305*f - a. What is k(-3)?
-4
Let t(d) be the third derivative of d**4/24 - d**3/2 - 374*d**2 + 1. Let w be 5 + (3 + -1 - 0). Give t(w).
4
Let v(r) = r**2 - r. Let j(u) = -4*u**2 + 5*u - 1. Let p(a) = j(a) + 5*v(a). Suppose -5 = b - 3*l + 5, 0 = 4*b - 5*l + 12. Suppose 0*i = b*i + 2. Give p(i).
0
Let g = 44 + -40. Let u(f) = 5 - 2*f - 4*f + 5*f + 3. Give u(g).
4
Suppose -5*g + o + 12 = 0, -2*g + 0*g + 6 = -o. Suppose -g*f + 3 = f. Let t(k) = 0*k**2 - k**3 + 2*k**2 + f - 3*k**2. What is t(0)?
1
Let a(x) = 3*x + 14*x - x + 4 - 7*x - 7*x**2 - x**3. Calculate a(-8).
-4
Let w(i) = -11*i**3 + 2*i - 1 - 2*i. Let h be (-1)/(30/9 + -3 + 0). Let j be (h/(-6))/((-2)/(-4)). Calculate w(j).
-12
Let y = -57 + 59. Let a(p) = -11*p**y - 4 + 6*p**2 + 3*p**2 + 5*p + p**2. Determine a(5).
-4
Suppose -43 + 63 = -4*i. Let h(u) be the first derivative of -4 - 6*u - 1/2*u**2. Give h(i).
-1
Suppose 4*d - 408 = 10*d. Let v = d + 61. Let i(g) = g**2 + 7*g - 3. Give i(v).
-3
Let u = -1 + -1. Let g be -2 + -1 + (u - -5). Let a(c) = -c + 0 - 1 + 5 + 0 + 1. Calculate a(g).
5
Let u(l) = -52*l**3 + 2*l + 1. Let y be u(-1). Suppose t = 3*o - 5*o - y, -5*o + 2*t = 141. Let b = o + 32. Let i(p) = p**3 - 4*p**2 - 4*p + 1. Determine i(b).
6
Suppose 10 = 3*s + 4. Let g(m) = m + m**3 - 4*m**s - 12 + 29 - 15. Suppose 18*r + 12 = 22*r. What is g(r)?
-4
Let f(b) be the third derivative of b**4/24 - b**3/2 - 8*b**2. Let k = 1 - -10. Suppose 0*v + 1 = v - 4*h, 3*v = -2*h - k. What is f(v)?
-6
Let g = 138 + -135. Let p(v) be the first derivative of -v**3/3 + 2*v - 1. Give p(g).
-7
Let b(h) = -h**3 - h**2 - 1. Let a(l) = 3*l**3 + 4*l**2 - 4. Let g(w) = -a(w) - 4*b(w). Suppose -6*n = 2*n - 11*n. What is g(n)?
8
Let m(c) = 5*c - c - 5*c. Let s = 238 - 235. What is m(s)?
-3
Let i(k) = -4*k**2 - 20*k + 5. Let q(o) = 5*o**2 + 22*o - 6. Let r(d) = 4*i(d) + 3*q(d). Give r(-14).
2
Let c(t) = t - 14 - 4 - t - t. Give c(-6).
-12
Let v(c) = 2*c**2 - 4 - 6406*c**3 - 13*c**2 + 6*c - 3*c + 6407*c**3. Calculate v(11).
29
Suppose 2*z - 6 = -z. Let t be 4/(-22) + 70/22. Let g(u) = -8*u + 12*u + t*u**2 - 7*u + 1. What is g(z)?
7
Suppose 5 = 9*g - 14*g. Let f be (4*g/8)/((-2)/(-12)). Let v(r) = -r. Let y(b) = 8*b. Let k(s) = 21*v(s) + 3*y(s). Calculate k(f).
-9
Let z(d) be the second derivative of 3*d**3 + 2*d**2 - 5*d + 2. What is z(3)?
58
Let p(z) = -4 + z + 0 + 8. Let i(n) = n**2 - 29*n + 50. Let s be i(27). What is p(s)?
0
Let a(o) = -4*o**2 - o + 1. Suppose -10*k - 37*k + 47 = 0. Give a(k).
-4
Let o(h) = -h - 2. Suppose -p + 2*p - 9 = -5*u, -3 = u - p. Calculate o(u).
-3
Let n = -13 + 9. Let k(b) = 5*b**2 + 7*b - 6. Let m(d) = -606*d**2 - 13 - d + 617*d**2 + 16*d. Let s(g) = 9*k(g) - 4*m(g). What is s(n)?
2
Suppose 98*y = 95*y + 81. Let j = y + -27. Let r(k) = -k - 14. Determine r(j).
-14
Suppose -57 = -5*d + 73. Let g = d + -27. Let p be (-4 - g)/(13 - 16). Let i(w) = -12*w - 1. Calculate i(p).
-13
Let f(u) = -u**3 + 8*u**2 - 5*u. Let w(h) = -2*h**3 + 17*h**2 - 10*h. Let o(j) = -5*f(j) + 2*w(j). Let g be (1 + 0 - 0) + 3. Calculate o(g).
-12
Let z(i) = i**2 - 7*i + 6. Let a be -3*1*3/(-9). Let u(b) = -2*b + 1. Let o(l) = l**2. Let g(q) = 3*o(q) - u(q). Let v be g(a). Give z(v).
-6
Let u(r) = r**2 - 7*r + 3. Let c(d) = 3*d**2 - 4*d + 2. Suppose -5 = -4*j - s, j - 5*j - 5*s - 7 = 0. Let x be c(j). Calculate u(x).
-3
Let z(h) = -h**3 - 4*h**2 + h - 3. Let y(t) be the second derivative of -t**5/20 + t**4/12 - t**3/6 - 2*t**2 + 3*t. Let d be y(0). Determine z(d).
-7
Let c(z) be the second derivative of 1/60*z**5 + 0 - 2*z**2 - 6*z + 5/24*z**4 - 1/3*z**3. Let n(b) be the first derivative of c(b). Calculate n(-5).
-2
Let u be ((-33)/18 - -2)/(1/6). Let o(m) = 2*m**2 - m. What is o(u)?
1
Suppose -3*i + 2 = -2*s, -5*s - 5 = -3*i - 0*s. Suppose 4 = 4*q - i*q. Let r(k) = 9*k - 11. Let t(f) = -7*f + 9. Let n(z) = 5*r(z) + 6*t(z). Give n(q).
2
Let n(r) be the third derivative of -1/4*r**4 + 1/60*r**5 + 1/2*r**3 + 0 - 22*r**2 + 0*r. Give n(5).
-2
Let y(l) = l**3 + 7*l**2 + 3*l - 1. Let d = 168 + -174. Determine y(d).
17
Let v(f) be the first derivative of -f**4/4 + 4*f**3/3 - 7*f - 96. Give v(4).
-7
Let n = 0 + -2. Let q = 18 + -16. Let c(b) = -7 - 3*b**q - 2*b + 3 - b**3 + 6. What is c(n)?
2
Let m(b) = -13 + 13*b**3 - 5*b**3 - 8*b**3 + 8*b - 8*b**2 + b**3 + 0*b**3. Give m(7).
-6
Let q(c) = c + 8. Suppose 0 = -53*b + 48*b + 10. Suppose 4*w - w = b*g + 28, 0 = 4*g - 3*w + 50. What is q(g)?
-3
Let r(l) = l**2 + l - 1. Suppose -3*d = 2*i - 79, -4*i = -i - d - 135. Suppose 3*b + 41 = i. Calculate r(b).
1
Let z = 2 + -17. Let s be (-12)/(-5) + 6/z. Suppose -16 = -s*a + u, -6*a + 3*a + 4*u + 34 = 0. Let q(y) = y - 2. Calculate q(a).
4
Let c(z) = 5*z**2 + 1 + 4 - 4 - z**3 - 3*z. Let m(f) = -f**2 + 4*f + 7. Let k(y) = -y**3 - y**2 + 4*y - 1. Let i be k(-3). Let x be m(i). Give c(x).
7
Let u(r) = r - 2. Le